 - 163. Is t a composite number?
False
Let c(d) = -2*d**3 + 7*d**2 + 1. Is c(-6) a prime number?
False
Let l(r) = 2*r**3 + 8*r**2 - 2*r + 7. Let b be l(-6). Let j = b + 176. Is j a prime number?
False
Let x(u) = -u**3 + 10*u**2 - 6*u - 8. Suppose -5*c = -5*g - 25, -4*c - 2*g + 3*g + 26 = 0. Is x(c) composite?
False
Let n be 4*(20/(-8) + 3). Is (n/4)/((-2)/(-644)) composite?
True
Let k = 2 - 2. Let f be (k + -1 + 1)*-1. Is f - -1 - (1 + -37) a composite number?
False
Is 110 - (3 + (-3 - -1)) composite?
False
Let m(h) be the first derivative of -5*h**2 - h + 2. Let c be m(1). Let f = c + 21. Is f a prime number?
False
Let t = 3 + -5. Let u be (1 - 3) + (-26 - t). Let m = -11 - u. Is m prime?
False
Let u = -5 + 9. Suppose 295 = -u*d - d. Let f = -24 - d. Is f composite?
True
Let l be 204/54 - (-2)/9. Let c(b) = b**2 - 4*b - 3. Let f be c(l). Is (-1 + 2)/(f/(-63)) prime?
False
Suppose -3*q + 2 = -q, 0 = -3*l - 3*q + 450. Is l a composite number?
False
Is (-4696)/12*12/(-8) composite?
False
Let a = 6 - 4. Suppose 4*r - 940 = -4*o, -r - 445 = -a*o + 2*r. Suppose 114 = 2*p + 2*q, -p - 3*p + o = 5*q. Is p a composite number?
True
Suppose 5*j - 2*j = 2*l + 277, 2*j - 3*l = 183. Is j prime?
False
Suppose 0 = 8*m - 5*m - 2253. Is m composite?
False
Let k(y) = -7*y**2 - 9*y + 6. Let o(v) = 6*v**2 + 8*v - 6. Let x(z) = 5*k(z) + 6*o(z). Suppose -3*i + 14 = -5*i. Is x(i) a prime number?
False
Suppose a - 3*w - 35 = 0, 3*w = 3*a - 0*w - 105. Is a prime?
False
Suppose 5*x - 351 = 4*m, -2*x - 3*m = -6*m - 139. Is x a composite number?
False
Let p(o) be the second derivative of o**4/12 + 7*o**3/3 - 3*o**2 + o. Let g be p(9). Suppose m = 4*m - g. Is m composite?
False
Suppose -2*i - 4 = 4. Let w be (5 - 0) + (i - -5). Let j = w - 3. Is j a composite number?
False
Suppose -17 = 5*z - 2*v, 14 - 4 = -4*z - 2*v. Let d(p) = p**3 + 4*p**2 + 3*p + 3. Let i be d(z). Suppose 4*x - 275 = -x - i*u, -x + 53 = u. Is x prime?
False
Let f = -3 + -2. Let k be (1/(-2))/(f/20). Suppose k*b - 5 = 15. Is b a composite number?
True
Suppose n - 115 = -4*n. Is n composite?
False
Is 4115/(1 + 0) + -6 prime?
False
Suppose -a = -3478 - 817. Is a a composite number?
True
Let v be 74 + 0 - (1 + -2). Suppose 4*h - 149 - v = 0. Suppose 2*l - h = -6. Is l composite?
True
Let a(x) = -x**3 - 10*x**2 + 8*x + 2. Let l be a(-11). Is (-7)/l + (-5632)/(-10) a prime number?
True
Is -37*(3 + 1 - 5) a composite number?
False
Suppose 7*u = -0*u + 2198. Is u a prime number?
False
Let u(v) = 11*v - 4*v**2 - 2*v**2 + 6*v**2 + 2*v**2 - 11. Is u(-10) prime?
True
Suppose 0 = 2*y - 3*f - 253, -3*y = -5*y + 4*f + 258. Suppose 89 = -2*x - 3*l, -2*x + 0*l + 3*l - y = 0. Let b = 3 - x. Is b a prime number?
False
Let z = 1398 - 879. Is z a composite number?
True
Let g = 2264 + -1357. Is g prime?
True
Let k(o) = 66*o + 1. Let x be k(2). Let u = x + -2. Is u a prime number?
True
Let q(g) = g - 18. Let a(y) = -1. Let o(x) = 4*a(x) - q(x). Is o(-5) prime?
True
Suppose 0 = -14*t + 18*t - 2168. Let d be (2/2*0)/(-2). Suppose -4*v + 134 + t = d. Is v a composite number?
True
Let a = 1862 - 1193. Is a composite?
True
Let g(s) = 4*s + 9. Is g(7) prime?
True
Suppose 0 = -2*j + 3*j - 32. Let y be (j + -2)*21/9. Suppose 6*q = 4*q + y. Is q a composite number?
True
Let b = -185 + 738. Is b a prime number?
False
Let j be 1/3 - 15/(-9). Let n(r) = 3*r**3 - r**2 - r + 1. Is n(j) composite?
False
Let h = 136 - -9. Is h a composite number?
True
Suppose -3*m - 4 = -16. Let a be (-776)/(-24) - m/(-6). Suppose l - 4*l + a = 0. Is l a composite number?
False
Suppose 3*b - 6*m + 4 = -2*m, 2*m - 12 = -b. Suppose -v = b*v - 635. Suppose -u = -2*u + v. Is u composite?
False
Suppose d = 5*h + 1362, 2*h = -2*d + 7*d - 6925. Is d a composite number?
True
Let l = -13 - -13. Suppose 4*q + y - 305 = l, 4*y = 3*q - 170 - 73. Is q a composite number?
True
Let f = -1860 - -2629. Is f a composite number?
False
Suppose -4*t - t = 70. Let l be 0 + 7/(t/(-4)). Suppose q = -l*q + 177. Is q a prime number?
True
Let n(o) = o**3 + 3*o**2 - 6*o - 6. Let j be n(-4). Suppose j*m - 109 = 273. Is m composite?
False
Suppose 0 = r + r - 2. Let q be 1*-3*30/(-9). Let s = q + r. Is s composite?
False
Suppose 2*l + 8*l = 6230. Is l prime?
False
Suppose 0*s + 4*s = -12. Let k be (s/6 + 1)*4. Suppose -3*x - x + 28 = k*o, -2*x = -2*o + 4. Is o composite?
True
Let j = -2135 - -3822. Is j a composite number?
True
Let o(t) = -t - 9. Let x be o(0). Let a(m) = -m**3 - 12*m**2 - 2*m - 5. Let w be a(x). Let r = w - -415. Is r a composite number?
True
Let r = 1726 + -923. Is r prime?
False
Let f(b) = 25*b**2 - 19. Is f(4) composite?
True
Suppose -4*g = g - 2395. Is g a prime number?
True
Let d = -29 + 25. Is d/((-32)/(-628))*-2 prime?
True
Let p(o) = o**3 + 3*o**2 - 3*o + 1. Let y be p(-3). Let k = y + 28. Is k a prime number?
False
Suppose 7*n - 5*q = 3*n + 261, 0 = -2*n + 5*q + 143. Suppose -4*d = -n - 17. Is d prime?
True
Suppose -d + 2*a + 1 = 4, 0 = -4*d + 4*a. Let m(o) = -o**3 + 5*o**2 - 3*o - 4. Let u be m(d). Suppose 3*z = 2*k + 16, -5*z = -3*k + u*k. Is z composite?
False
Suppose -z - 137 = 70. Let q = z + 397. Is (q/(-8))/(3/(-12)) a prime number?
False
Let i(v) = -20*v - 1. Let c(s) = s**2 + s - 2. Let o be c(2). Let x = -5 + o. Is i(x) prime?
True
Let x be (-1 - 1) + (2 - -3). Let r(n) = n**2 - x + 4*n**2 - 3*n + 2*n**2. Is r(3) composite?
True
Let y = -570 + 827. Is y a composite number?
False
Suppose -6*t + 4*t + 36 = 0. Is ((-153)/t)/(2/(-20)) a composite number?
True
Is (-638957)/(-203) + 4/(-7) prime?
False
Suppose -c + 2*c - 20 = -2*b, 0 = -4*b + 5*c + 68. Is (4/(-6))/(b/(-3834)) a prime number?
False
Suppose r - 185 = 3*f + 218, 2*r + f - 806 = 0. Is r prime?
False
Let m(g) = -31*g - 15. Is m(-14) prime?
True
Let n(q) = 229*q. Let h be n(1). Suppose 783 + h = 4*o. Is o composite?
True
Is 10784/12 + (-3)/(-9) a prime number?
False
Suppose 3*r + 2*o = o + 175, 4*r - 244 = -4*o. Is r prime?
False
Let n = 3 + -6. Let s be ((-1)/n)/((-1)/(-177)). Let b = s + 38. Is b prime?
True
Let i be (-6)/10 - (-2)/(-5). Let o be i/(-1 - 3/(-2)). Is 2/o + (-7 - -15) a composite number?
False
Let a(y) = -2*y - 7. Let h be a(-6). Suppose -h*g - v + 16 = 0, 4*g - 3*v = 6*g - 9. Is g composite?
False
Let n(g) be the second derivative of g**4/6 - 5*g**3/6 + 3*g**2 + g. Let z(v) = v**2 - 9*v - 31. Let d be z(12). Is n(d) composite?
False
Let r(v) = v. Let l be r(6). Suppose -l*o = -o. Let i = 7 + o. Is i prime?
True
Suppose 0 = -r - 3*r + 2348. Is r prime?
True
Let q(p) = -12*p + 5. Let u be 91/(-21) - 1/(-3). Is q(u) a composite number?
False
Let t be 2/6 - 2/6. Let x = -10 - -14. Suppose t*l - 308 = -x*l. Is l a composite number?
True
Let u = 361 - 180. Is u prime?
True
Suppose 3*y = -y + 764. Is y a composite number?
False
Suppose s + y + 3*y = 29, -2*s + 43 = 5*y. Suppose 0 = s*q - 7*q - 170. Is q composite?
True
Let u = 132 - -517. Is u a prime number?
False
Let f(m) = 2*m**2 - 3*m + 1 + m**3 + 0 + 1. Is f(3) composite?
True
Let s = -3 + -10. Is (-245)/(-13) + (-2)/s composite?
False
Let b = 459 + -200. Is b a composite number?
True
Suppose 61 = i - 81. Is i a composite number?
True
Let h(l) = l**3 + l**2 - 1. Let b(i) = -7*i**3 - 2*i**2 + 8*i - 1. Let y(s) = -b(s) - 6*h(s). Is y(8) prime?
True
Let y = 0 - 1. Let a(f) = -f**3 + 6*f**2 - 4*f - 5. Let z be a(5). Is (y - z)*-3*5 composite?
True
Suppose 0 = 5*v - 5, 0 = a - 4*a + 2*v + 40. Let s = a + -7. Is s prime?
True
Is ((-5)/5)/(3/(-447)) prime?
True
Suppose 2*h - 5*s + 18 = 56, -h + 5*s = -14. Suppose -3*i + 0*j + j = -17, -4*i + j + h = 0. Suppose m - 88 = i. Is m a composite number?
True
Let n(a) = 2*a**2 - 2*a**3 - 2*a + 3*a**3 + 0*a**3 + 3 - 4. Is n(2) composite?
False
Suppose 4*z + 2*m = 2, -5*m + 2 = 4*z - 3. Let l(y) = y + 4. Let t be l(z). Suppose 0 = o + 3*w - 302, -5*w - 864 = -t*o + o. Is o composite?
False
Let m be (-63)/(-5) + 18/45. Suppose -4*w + 379 = 3*h, w = -h + 109 - m. Is w prime?
False
Suppose -5*o - 3*w + 1488 = -4*w, 4*w - 604 = -2*o. Is o composite?
True
Let u(h) = -4*h**2 - 5*h - 2. Let n(v) = 9*v**2 + 11*v + 5. Let b(i) = -3*n(i) - 7*u(i). Let q be b(-2). Is -87*q/(-3)*-2 prime?
False
Let a = -120 - -409. Let o = a + -86. Is o prime?
False
Suppose -27 = -5*r + 38. Let u = r - -38. Is u prime?
F